4
Let g(p) = 6*p**2 + 23*p + 23. Determine g(-1).
6
Let o(n) = -6*n**2 - 52*n + 26. Determine o(-9).
8
Let s(z) = -z**3 - 6*z**2 - 14*z. Calculate s(-5).
45
Let f(h) = -h**3 - 5*h**2 + 4*h - 4. What is f(-5)?
-24
Let n(d) = -d**2 - 9*d + 31. Determine n(-11).
9
Let i(z) = -4*z**3 + 4*z**2 + 4*z + 3. Calculate i(-2).
43
Let m(y) = 8*y - 104. Calculate m(13).
0
Let x(l) = -l**2 + 15*l - 10. Determine x(14).
4
Let x(h) = -h**2 - 11*h + 9. What is x(-8)?
33
Let b(s) = 54*s**3 - s**2 + 21*s - 20. What is b(1)?
54
Let j(p) = 3*p - 25. What is j(16)?
23
Let y(w) = -3*w - 15. What is y(-5)?
0
Let t(n) = n**2 + 10*n + 4. Calculate t(-12).
28
Let p(l) = l**2 + 21*l + 79. Calculate p(-6).
-11
Let r(b) = 17*b + 18. Determine r(5).
103
Let o(j) = 4*j + 4. Determine o(-5).
-16
Let d(w) = 2*w**2 - 7*w - 6. What is d(7)?
43
Let k(r) = 2*r**3 + 13*r**2 - 5*r + 13. Give k(-7).
-1
Let h(x) = -3*x - 2. Give h(-2).
4
Let o(y) = -y**2 + 3*y + 6. Give o(5).
-4
Let n(r) = -19*r - 417. What is n(-22)?
1
Let h(n) = -n**2 + 45*n - 138. Determine h(42).
-12
Let q(p) = p**3 - p + 6. Give q(0).
6
Let h(v) = -v**2 + 4*v - 1. Calculate h(3).
2
Let y(t) = -t**2 + t + 44. What is y(7)?
2
Let z(l) = -13*l + 24. Calculate z(6).
-54
Let x(y) = 19*y - 35. Calculate x(-4).
-111
Let r(v) = v + 30. Give r(0).
30
Let j(h) = h**3 - 4*h**2 + 4*h - 1. Determine j(3).
2
Let d(h) = -4*h**3 + h**2 + 4*h - 3. Determine d(2).
-23
Let w(i) = 7*i + 1. Give w(-3).
-20
Let q(y) = -y**3 - 4*y**2 - 6*y. Determine q(-2).
4
Let s(d) = -d**2 - 5*d - 3. Give s(-4).
1
Let r(q) = q - 11. Determine r(-6).
-17
Let w(i) = i - 29. What is w(11)?
-18
Let q(m) = -2*m**3 - 5*m**2 + 10*m - 15. Calculate q(-6).
177
Let y(w) = -w**2 + 9. Give y(0).
9
Let p(h) = h**3 + 6*h**2 - 7*h. Calculate p(-7).
0
Let i(h) = h**2 - 11*h - 5. What is i(7)?
-33
Let n(j) = j**3 - 19*j**2 + 75*j - 20. Determine n(5).
5
Let y(j) = j**3 + 8*j**2 + 2*j - 11. Calculate y(-8).
-27
Let c(f) = f**2 - 5*f - 23. Determine c(7).
-9
Let z(j) = 102*j + 509. Determine z(-5).
-1
Let l(m) = m**3 - 13*m**2 + 6*m + 95. Calculate l(12).
23
Let h(y) = y - 5. Determine h(2).
-3
Let i(u) = -u**3 - 13*u**2 - 3*u - 10. Determine i(-13).
29
Let f(h) = -h**2 - 14*h - 16. Determine f(-12).
8
Let q(u) = -3*u**3 + 31*u**2 - 13*u + 12. Determine q(10).
-18
Let j(c) = c**3 - 4*c - 1. Determine j(-3).
-16
Let p(h) = h**2 + 5*h - 8. Calculate p(-5).
-8
Let s(k) = 15*k. Calculate s(-2).
-30
Let w(v) = 3*v**2 - 3*v. Calculate w(-3).
36
Let t(a) = -7*a - 166. Give t(-23).
-5
Let f(x) = -4*x - 40. Calculate f(-10).
0
Let d(t) = -t**2 - 80*t - 640. What is d(-9)?
-1
Let s(p) = -7*p**3 + 2*p. Give s(1).
-5
Let i(b) = 4*b - 4. Determine i(4).
12
Let o(l) = 8*l - 168. Give o(22).
8
Let p(c) = -c**2 - c + 76. Calculate p(-9).
4
Let l(h) = h**2 + h + 5. Determine l(-3).
11
Let q(g) = g**2 + 7*g + 12. Give q(-6).
6
Let l(t) = 2*t + 33. What is l(-26)?
-19
Let b(w) = w**3 + 22*w**2 + 42*w + 21. Give b(-20).
-19
Let d(g) = -16*g - 172. Give d(-11).
4
Let q(s) = s - 10. What is q(9)?
-1
Let x(p) = -p**3 - 3*p**2 - p + 3. Give x(-4).
23
Let h(v) = -2*v**2 + 9*v. Determine h(4).
4
Let v(p) = -p**2 - 2*p - 1. Give v(-2).
-1
Let m(c) = -c**2 - 11*c + 4. Give m(-8).
28
Let b(r) = r**3 - 7*r**2 - 9*r + 9. Calculate b(8).
1
Let b(y) = -y**3 - 6*y**2 - 17*y - 16. Determine b(-4).
20
Let s(r) = 3*r + 2. What is s(1)?
5
Let s(i) = -i**3 + 2*i**2 - i. Give s(1).
0
Let y(m) = -m**2 - 18*m - 22. Calculate y(-17).
-5
Let j(q) = q**2 + 10*q + 48. Calculate j(-6).
24
Let h(z) = -z**2 + 16*z - 24. Give h(2).
4
Let m(x) = -9*x + 28. Determine m(4).
-8
Let u(m) = -m + 6. Give u(2).
4
Let y(j) = -5*j + 38. What is y(9)?
-7
Let x(o) = 21*o + 149. Give x(-7).
2
Let b(v) = -43*v**3 + v. Calculate b(-1).
42
Let d(r) = -r**3 - 12*r**2 + 14*r - 11. Determine d(-13).
-24
Let t(m) = -6*m - 56. What is t(-9)?
-2
Let d(t) = t**3 + 10*t**2 - 12*t - 8. Give d(-11).
3
Let h(w) = -w**3 - 12*w**2 - 13*w - 2. Give h(-9).
-128
Let v(z) = -5*z**3 + z**2 + 3*z + 3. Determine v(-1).
6
Let r(p) = 64*p - 60. What is r(1)?
4
Let m(r) = -r**3 - 15*r**2 - 24*r + 18. What is m(-13)?
-8
Let p(a) = -a**2 - 24*a - 1. Determine p(-19).
94
Let u(v) = v**2 + 20*v + 46. What is u(-17)?
-5
Let w(q) = 18*q**2 + 29*q. What is w(-2)?
14
Let f(g) = -2*g**2 - 4*g + 26. Determine f(-7).
-44
Let b(x) = -24*x - 2. What is b(-1)?
22
Let i(w) = 15*w - 2. Calculate i(2).
28
Let g(d) = 5*d**3 + d + 2. Calculate g(-1).
-4
Let b(z) = 2*z**2 - 2*z. Give b(4).
24
Let j(h) = 5*h**2 - 60*h - 7. Calculate j(12).
-7
Let g(p) = p**2 - 24*p + 12. Give g(24).
12
Let h(d) = d**3 + 4*d**2 - 3*d + 5. Give h(-4).
17
Let t(f) = 9*f - 2. What is t(7)?
61
Let a(b) = 4*b**3 - 7*b**2 + 10*b - 2. Determine a(2).
22
Let p(k) = -k**2 - 6*k - 5. What is p(-9)?
-32
Let l(r) = -r - 2. Calculate l(0).
-2
Let x(l) = l**3 - 5*l**2. Calculate x(4).
-16
Let y(f) = f**3 + 13*f**2 - 15*f - 16. What is y(-14)?
-2
Let t(n) = n**2 - 6*n + 6. Determine t(-5).
61
Let k(x) = -x**2 - 22*x - 6. Calculate k(-16).
90
Let u(s) = -7*s - 10. Determine u(-3).
11
Let a(r) = 2*r - 4. Calculate a(4).
4
Let m(a) = -a - 1. Give m(0).
-1
Let w(n) = n**2 + 7*n + 2. What is w(-8)?
10
Let t(b) = b**2 - 19*b + 19. Give t(18).
1
Let j(i) = 3*i**2 - 9*i + 14. Determine j(4).
26
Let d(x) = -3*x**2 - 10*x + 10. Calculate d(-5).
-15
Let i(t) = 12*t - 41. What is i(3)?
-5
Let z(v) = 32*v**2 + 3*v + 1. Determine z(-1).
30
Let o(g) = -g**3 + 38*g**2 + 79*g + 1. Determine o(40).
-39
Let g(l) = 4*l - 15. Give g(5).
5
Let l(w) = -w**3 - 18*w**2 - 16*w + 1. What is l(-17)?
-16
Let g(v) = -6*v**3 - 17*v**2 - v. Give g(-1).
-10
Let g(s) = 18*s - 149. Give g(7).
-23
Let j(g) = g**2 + 6*g - 60. Calculate j(0).
-60
Let a(o) = o**3 + 6*o**2 - o - 4. Give a(-6).
2
Let n(g) = 7*g + 4. Give n(-2).
-10
Let s(u) = 4*u - 23. What is s(10)?
17
Let r(z) = 3*z + 43. Give r(-22).
-23
Let j(q) = q**2 + 6*q - 29. Determine j(-9).
-2
Let x(l) = -l**3 - l**2 + 2*l - 90. Give x(0).
-90
Let g(s) = -7*s - 47. Give g(-4).
-19
Let k(s) = s**3 - 11*s**2 - 9*s - 29. Determine k(12).
7
Let i(b) = -3*b**2 + 22*b - 24. Give i(6).
0
Let u(p) = -9*p - 2. Determine u(-3).
25
Let u(s) = 5*s + 33. What is u(-4)?
13
Let s(r) = r**3 - 7*r**2 + 8*r - 6. Give s(5).
-16
Let y(g) = 17*g + 1. Give y(-1).
-16
Let f(p) = p**3 - 10*p**2 + 2*p - 8. What is f(10)?
12
Let u(h) = h**2 - 2*h - 22. Calculate u(-4).
2
Let c(m) = 8*m**2 - 3*m + 3. Determine c(-2).
41
Let n(h) = -2*h**3 - 7*h**2 + 4*h + 24. Give n(-3).
3
Let q(a) = a**2 - 8*a + 16. Calculate q(7).
9
Let b(f) = 2*f**2 + 12*f + 27. Give b(-4).
11
Let n(l) = l**3 + 14*l**2 + 14*l - 14. Calculate n(-13).
-27
Let p(j) = -j**2 - 4*j - 8. Determine p(-3).
-5
Let g(v) = v**3 - 9*v**2 + 11*v - 5. Give g(8).
19
Let i(c) = 18*c**3 - 2*c**2 - c. Determine i(-1).
-19
Let c(o) = -o**2 + 20*o + 29. Give c(23).
-40
Let x(c) = c**2 + 12*c + 6. Give x(-8).
-26
Let g(v) = 2*v - 3. What is g(0)?
-3
Let a(z) = z**3 - 3*z**2 + 2*z + 6. Give a(4).
30
Let t(w) = -5*w - 47. Calculate t(-11).
8
Let x(w) = -w**3 + 6*w**2 + 2*w - 30. Calculate x(5).
5
Let b(w) = 5*w + 289. Give b(-58).
-1
Let z(d) = 3*d**2 - 7*d - 1. Give z(-2).
25
Let z(t) = -9*t**2 - 5*t - 7. Give z(-3).
-73
Let c(z) = z**3 + 18*z**2 + z + 17. Determine c(-18).
-1
Let v(p) = -26*p + 482. Determine v(18).
14
Let u(f) = 2*f**3 - 12*f**2 - 5*f + 13. Calculate u(6).
-17
Let u(o) = o**3 - 32*o**2 + 87*o + 26. Determine u(29).
26
Let y(r) = r**3 + 6*r**2 + 8*r + 19. Calculate y(-5).
4
Let v(p) = p**3 - 5*p**2 + 3*p - 3. Calculate v(4).
-7
Let h(t) = 4*t - 19. Calculate h(5).
1
Let w(c) = -c**3 - 13*c**2 - 22*c + 6. Give w(-11).
6
Let q(d) = d**3 + 47*d**2 + 48*d + 91. Determine q(-46).
-1
Let w(g) = -8*g + 2. Determine w(-6).
50
Let b(i) = 2*i**3 + 13*i**2 - 3*i + 6. What is b(-7)?
-22
Let n(i) = -i**2 + 8*i + 5. Calculate n(6).
17
Let t(z) = 50*z + 43. Calculate t(-1).
-7
Let d(g) = -g**2 + 8*g - 3. What is d(7)?
4
Let z(i) = 2*i**3 - 4*i**2 - 5*i - 4. Calculate z(-2).
-26
Let l(o) = 7*o - 13. Give l(9).
50
Let a(h) = h**2 + 2*h - 10. What is a(-5)?
5
Let v(i) = -i**2 + i + 10. Give v(5).
-10
Let f(i) = -i**2 - 7*i - 4. Calculate f(-7).
-4
Let k(a) = -a + 16. Give k(6).
10
Let r(s) = 13*s - 6. Calculate r(5).
59
Let k(u) = -6*u**2 + 20*u - 18. What is k(